{"id":38,"date":"2021-04-02T01:52:56","date_gmt":"2021-04-01T23:52:56","guid":{"rendered":"http:\/\/www.myrpharm.com\/?page_id=38"},"modified":"2024-02-06T00:15:26","modified_gmt":"2024-02-05T23:15:26","slug":"services","status":"publish","type":"page","link":"https:\/\/www.myrpharm.com\/index.php\/services\/","title":{"rendered":"Services"},"content":{"rendered":"\n<p>Nous vous accompagnons \u00e0 travers toutes les \u00e9tapes de votre strat\u00e9gie de d\u00e9veloppement et d\u2019innovation.<\/p>\n\n\n\n<p>Nous poss\u00e9dons une expertise des probl\u00e9matiques et ecueils sp\u00e9cifiques rencontr\u00e9s par les start-ups.<\/p>\n\n\n\n<div class=\"qubely-block-accordion  qubely-block-b1ac6e\" data-item-toggle=\"true\">\n<div class=\"wp-block-qubely-accordion-item qubely-block-a53ebe\"><div class=\"qubely-accordion-item qubely-type-fill qubely-accordion-active\"><div class=\"qubely-accordion-panel qubely-icon-position-right\"><span class=\"qubely-accordion-panel-handler\" role=\"button\"><span class=\"qubely-accordion-panel-handler-label\">Strat\u00e9gie de Propri\u00e9t\u00e9 Intellectuelle <\/span><span class=\"qubely-accordion-icon fa fa-plus\"><\/span><\/span><\/div><div class=\"qubely-accordion-body\" style=\"display:block\"><div itemprop=\"text\">\n<p>Positionnement du portefeuille de brevets dans le landscape technologique<\/p>\n\n\n\n<p>Etudes de march\u00e9<\/p>\n\n\n\n<p>D\u00e9finition des mod\u00e8les \u00e9cologiques, adaptation des business plans<\/p>\n\n\n\n<p>Management du portefeuille, recherche de partenariats <\/p>\n<\/div><\/div><\/div><\/div>\n\n\n\n<div class=\"wp-block-qubely-accordion-item qubely-block-40c227\"><div class=\"qubely-accordion-item qubely-type-fill false\"><div class=\"qubely-accordion-panel qubely-icon-position-right\"><span class=\"qubely-accordion-panel-handler\" role=\"button\"><span class=\"qubely-accordion-panel-handler-label\">Valorisation et transfert de brevets<\/span><span class=\"qubely-accordion-icon fa fa-plus\"><\/span><\/span><\/div><div class=\"qubely-accordion-body\"><div itemprop=\"text\">\n<p>Recherche de partenaires<\/p>\n\n\n\n<p>N\u00e9gociation de licences<\/p>\n\n\n\n<p>Business d\u00e9veloppement<\/p>\n<\/div><\/div><\/div><\/div>\n\n\n\n<div class=\"wp-block-qubely-accordion-item qubely-block-84d474\"><div class=\"qubely-accordion-item qubely-type-fill false\"><div class=\"qubely-accordion-panel qubely-icon-position-right\"><span class=\"qubely-accordion-panel-handler\" role=\"button\"><span class=\"qubely-accordion-panel-handler-label\">Optimisation de la performance <\/span><span class=\"qubely-accordion-icon fa fa-plus\"><\/span><\/span><\/div><div class=\"qubely-accordion-body\"><div itemprop=\"text\">\n<p>Analyses, audit<\/p>\n\n\n\n<p>Plan d&#8217;action &amp; optimisation des process<\/p>\n\n\n\n<p>Management et s\u00e9curisation de la production<\/p>\n<\/div><\/div><\/div><\/div>\n<\/div>\n\n\n\n<div class=\"qubely-block-accordion  qubely-block-5924f0\" data-item-toggle=\"true\">\n<div class=\"wp-block-qubely-accordion-item qubely-block-09b9e4\"><div class=\"qubely-accordion-item qubely-type-fill qubely-accordion-active\"><div class=\"qubely-accordion-panel qubely-icon-position-right\"><span class=\"qubely-accordion-panel-handler\" role=\"button\"><span class=\"qubely-accordion-panel-handler-label\">Due diligences<\/span><span class=\"qubely-accordion-icon fa fa-plus\"><\/span><\/span><\/div><div class=\"qubely-accordion-body\" style=\"display:block\"><div itemprop=\"text\">\n<p>Evlaution de la valeur des projets pour investisseurs ou incubateurs<\/p>\n\n\n\n<p>Expertise de la PI<\/p>\n\n\n\n<p>Expertise des accords de transferts de droits et de collaboration de recherche<\/p>\n<\/div><\/div><\/div><\/div>\n\n\n\n<div class=\"wp-block-qubely-accordion-item qubely-block-487002\"><div class=\"qubely-accordion-item qubely-type-fill false\"><div class=\"qubely-accordion-panel qubely-icon-position-right\"><span class=\"qubely-accordion-panel-handler\" role=\"button\"><span class=\"qubely-accordion-panel-handler-label\">Strat\u00e9gie et financement de l&#8217;innovation<\/span><span class=\"qubely-accordion-icon fa fa-plus\"><\/span><\/span><\/div><div class=\"qubely-accordion-body\"><div itemprop=\"text\">\n<p>Recherche de financements et lev\u00e9e de fonds aupr\u00e8s d&#8217;investisseurs priv\u00e9s ( capital risque \/ Capital Investissement)<\/p>\n\n\n\n<p>Pr\u00e9sentation, montage et gestion de projets nationaux, europ\u00e9ens et internationaux<\/p>\n\n\n\n<p>Conseil en CIR CII, statut JEI<\/p>\n\n\n\n<p><\/p>\n<\/div><\/div><\/div><\/div>\n<\/div>\n\n\n\n<p><\/p>\n","protected":false},"excerpt":{"rendered":"<p>Nous vous accompagnons \u00e0 travers toutes les \u00e9tapes de votre strat\u00e9gie de d\u00e9veloppement et d\u2019innovation. Nous poss\u00e9dons une expertise des probl\u00e9matiques et ecueils sp\u00e9cifiques rencontr\u00e9s par les start-ups.<\/p>\n","protected":false},"author":1,"featured_media":0,"parent":0,"menu_order":0,"comment_status":"closed","ping_status":"closed","template":"","meta":{"qubely_global_settings":"","qubely_interactions":"","footnotes":""},"class_list":["post-38","page","type-page","status-publish","hentry"],"_links":{"self":[{"href":"https:\/\/www.myrpharm.com\/index.php\/wp-json\/wp\/v2\/pages\/38","targetHints":{"allow":["GET"]}}],"collection":[{"href":"https:\/\/www.myrpharm.com\/index.php\/wp-json\/wp\/v2\/pages"}],"about":[{"href":"https:\/\/www.myrpharm.com\/index.php\/wp-json\/wp\/v2\/types\/page"}],"author":[{"embeddable":true,"href":"https:\/\/www.myrpharm.com\/index.php\/wp-json\/wp\/v2\/users\/1"}],"replies":[{"embeddable":true,"href":"https:\/\/www.myrpharm.com\/index.php\/wp-json\/wp\/v2\/comments?post=38"}],"version-history":[{"count":8,"href":"https:\/\/www.myrpharm.com\/index.php\/wp-json\/wp\/v2\/pages\/38\/revisions"}],"predecessor-version":[{"id":161,"href":"https:\/\/www.myrpharm.com\/index.php\/wp-json\/wp\/v2\/pages\/38\/revisions\/161"}],"wp:attachment":[{"href":"https:\/\/www.myrpharm.com\/index.php\/wp-json\/wp\/v2\/media?parent=38"}],"curies":[{"name":"wp","href":"https:\/\/api.w.org\/{rel}","templated":true}]}}